.
6
Calculate the highest common divisor of 108 and 9342.
54
Calculate the highest common divisor of 25 and 70525.
25
What is the highest common factor of 117 and 1079?
13
What is the greatest common divisor of 294 and 126?
42
What is the highest common factor of 9 and 765?
9
Calculate the highest common divisor of 156 and 141.
3
What is the highest common factor of 754 and 442?
26
What is the greatest common divisor of 18 and 360?
18
What is the highest common factor of 14 and 998?
2
What is the greatest common divisor of 42 and 714?
42
What is the highest common divisor of 88 and 3278?
22
Calculate the highest common factor of 11 and 4411.
11
What is the greatest common factor of 3006 and 162?
18
Calculate the greatest common factor of 102 and 9299.
17
What is the greatest common factor of 5 and 6655?
5
What is the highest common factor of 156 and 234?
78
Calculate the greatest common factor of 334 and 4509.
167
Calculate the greatest common factor of 114 and 494.
38
Calculate the greatest common factor of 1484 and 28.
28
Calculate the greatest common factor of 9 and 738.
9
What is the greatest common divisor of 336 and 140?
28
Calculate the greatest common factor of 20 and 460.
20
Calculate the greatest common factor of 5568 and 261.
87
What is the greatest common divisor of 52 and 78?
26
Calculate the greatest common divisor of 27297 and 81.
81
What is the greatest common factor of 48 and 18?
6
Calculate the highest common factor of 896 and 994.
14
What is the greatest common divisor of 15 and 654?
3
What is the highest common factor of 216 and 2403?
27
What is the greatest common divisor of 254 and 889?
127
What is the greatest common factor of 72 and 42?
6
Calculate the highest common divisor of 15 and 1455.
15
What is the greatest common divisor of 3439 and 38?
19
What is the greatest common divisor of 2 and 14?
2
Calculate the highest common factor of 6501 and 44.
11
Calculate the highest common factor of 456 and 120.
24
What is the highest common divisor of 3102 and 462?
66
What is the highest common divisor of 308 and 385?
77
Calculate the highest common factor of 59989 and 239.
239
What is the highest common factor of 28 and 3297?
7
Calculate the greatest common divisor of 35 and 15085.
35
What is the greatest common divisor of 20 and 370?
10
What is the highest common divisor of 124 and 1054?
62
Calculate the greatest common factor of 327 and 1744.
109
Calculate the highest common factor of 80 and 432.
16
What is the highest common divisor of 96 and 384?
96
What is the greatest common divisor of 4427 and 19?
19
Calculate the highest common divisor of 51 and 34.
17
Calculate the highest common factor of 483 and 21.
21
What is the greatest common divisor of 152 and 38?
38
Calculate the highest common factor of 6669 and 114.
57
Calculate the highest common divisor of 1272 and 530.
106
Calculate the greatest common factor of 1682 and 1044.
58
What is the greatest common factor of 7 and 3255?
7
Calculate the greatest common divisor of 50 and 370.
10
What is the highest common divisor of 9 and 3816?
9
Calculate the highest common factor of 80 and 48.
16
Calculate the greatest common factor of 52 and 80080.
52
Calculate the highest common divisor of 80 and 1616.
16
What is the greatest common divisor of 1222 and 517?
47
What is the greatest common divisor of 59169 and 726?
363
Calculate the greatest common divisor of 1278 and 11289.
213
What is the greatest common factor of 425 and 17?
17
Calculate the highest common divisor of 3 and 47.
1
What is the greatest common factor of 304 and 475?
19
What is the greatest common factor of 60 and 195?
15
Calculate the highest common divisor of 56388 and 222.
222
What is the greatest common divisor of 1349 and 19?
19
What is the greatest common divisor of 3198 and 234?
78
What is the greatest common divisor of 1557 and 225?
9
Calculate the greatest common factor of 4422 and 44.
22
Calculate the greatest common divisor of 940 and 20.
20
Calculate the highest common divisor of 4 and 4310.
2
What is the highest common factor of 656 and 6?
2
What is the highest common divisor of 38 and 266?
38
Calculate the highest common divisor of 1 and 16490.
1
What is the greatest common divisor of 6731 and 53?
53
What is the highest common divisor of 97 and 3880?
97
What is the highest common factor of 646 and 136?
34
Calculate the highest common factor of 11035 and 15.
5
Calculate the greatest common divisor of 42578 and 122.
122
Calculate the greatest common divisor of 3632 and 208.
16
Calculate the highest common divisor of 31233 and 174.
87
What is the highest common divisor of 183 and 244?
61
Calculate the greatest common factor of 77 and 2002.
77
What is the highest common factor of 5452 and 116?
116
What is the greatest common divisor of 2175 and 75?
75
Calculate the greatest common factor of 80 and 515.
5
Calculate the greatest common divisor of 414 and 72.
18
What is the greatest common factor of 1819 and 107?
107
Calculate the greatest common divisor of 448 and 1728.
64
What is the greatest common factor of 256 and 288?
32
What is the greatest common factor of 15 and 65?
5
What is the highest common factor of 5 and 745?
5
Calculate the greatest common factor of 30 and 708.
6
What is the highest common divisor of 1800 and 42?
6
Calculate the highest common factor of 82 and 34.
2
What is the highest common divisor of 261 and 29?
29
What is the highest common factor of 41 and 13?
1
Calculate the greatest common factor of 110 and 10.
10
Calculate the greatest common factor of 80 and 32.
16
What is the greatest common factor of 935 and 55?
55
Calculate the greatest common divisor of 70 and 385.
35
Calculate the greatest common factor of 429 and 117.
39
Calculate the greatest common divisor of 1645 and 705.
235
What is the highest common divisor of 130 and 20?
10
Calculate the highest common divisor of 1572 and 24.
12
Calculate the highest common divisor of 14575 and 159.
53
Calculate the greatest common divisor of 5 and 355.
5
What is the greatest common factor of 55 and 10835?
55
Calculate the greatest common divisor of 483 and 27853.
161
What is the highest common divisor of 80 and 90?
10
Calculate the greatest common divisor of 469 and 268.
67
What is the greatest common divisor of 32 and 4?
4
What is the highest common factor of 6096 and 1397?
127
What is the greatest common factor of 1248 and 39?
39
What is the highest common factor of 10885 and 35?
35
Calculate the greatest common divisor of 759 and 69.
69
What is the highest common divisor of 44 and 3938?
22
Calculate the greatest common factor of 1 and 17.
1
What is the highest common factor of 143 and 2106?
13
Calculate the greatest common divisor of 6693 and 291.
291
Calculate the highest common factor of 2805 and 825.
165
Calculate the highest common factor of 7693 and 49.
49
What is the greatest common divisor of 832 and 39?
13
Calculate the greatest common factor of 1232 and 3850.
154
Calculate the highest common divisor of 70 and 890.
10
Calculate the highest common divisor of 2 and 1618.
2
What is the greatest common divisor of 11 and 1243?
11
Calculate the highest common divisor of 47 and 235.
47
What is the greatest common divisor of 962 and 740?
74
What is the greatest common divisor of 490 and 12299?
49
Calculate the greatest common factor of 381 and 48.
3
What is the greatest common divisor of 6475 and 350?
175
What is the highest common factor of 735 and 75?
15
Calculate the greatest common divisor of 63 and 72.
9
What is the greatest common factor of 60 and 42?
6
What is the highest common factor of 18 and 288?
18
What is the highest common factor of 45 and 360?
45
What is the highest common factor of 84 and 72?
12
What is the highest common factor of 455 and 1274?
91
Calculate the highest common factor of 76 and 2774.
38
What is the greatest common divisor of 657 and 292?
73
What is the highest common factor of 354 and 8614?
118
What is the highest common factor of 355 and 5041?
71
What is the greatest common divisor of 10 and 1390?
10
What is the highest common factor of 99 and 11022?
33
What is the greatest common divisor of 146 and 6862?
146
Calculate the highest common factor of 30 and 255.
15
What is the greatest common factor 